ded by 10.
9
Let c(f) = f**2 - 9*f + 23. What is the remainder when 38 is divided by c(6)?
3
Let h(k) = 14*k**3 - 3*k**2 + 6*k - 5. Let x be h(2). Let o = x - 95. What is the remainder when 23 is divided by o?
11
Let x = -124 - -123. What is the remainder when (13 + x)/(34/323) is divided by 30?
24
Let w(t) = -t**3 + 8*t**2 + 9*t + 4. Let g = 16 - 7. Let s be w(g). What is the remainder when 61 is divided by ((-14)/21)/(s/(-78))?
9
Let s = 8 - 5. Suppose -282 = -2*c - 270. Calculate the remainder when c is divided by s.
0
Let g = -26 - -11. Let j = -189 - g. Let i = 291 + j. Calculate the remainder when i is divided by 24.
21
Suppose 5*f + 0*f = 10. Suppose -4*q - 25 = -5*q. What is the remainder when 49/(f/1 + -1) is divided by q?
24
Let f = -11 + 25. Let j = -1773 + 1896. What is the remainder when j is divided by f?
11
Let t = 60 + -59. Calculate the remainder when (-3)/6 - 7/(-2) is divided by t.
0
Let w = -58 - -93. Let u = 247 - 144. What is the remainder when u is divided by w?
33
Let i = 76 - -234. Calculate the remainder when i is divided by 26.
24
Let f be 9/15 + (-81)/(-15). Suppose -2*l - f = -4*m + 3*m, -4*l - 24 = -3*m. Suppose g - 11 = 21. Calculate the remainder when g is divided by m.
8
Let d = 91 - 135. Let v = d + 52. What is the remainder when v is divided by 3?
2
Let m be ((304/10)/2)/((-3)/15). Calculate the remainder when m*((-51)/(-12) - 2 - 3) is divided by 29.
28
Suppose 7*s = 3*s + 208. Let k(y) = -5*y - 49 + y + s + y**3. What is the remainder when k(4) is divided by 13?
12
Suppose 6321 = 99*m + 1965. Calculate the remainder when m is divided by 31.
13
Let g = -1699 - -1711. Calculate the remainder when g is divided by 2.
0
Suppose 4 = 4*l - 2*l. Suppose 0 = s + l - 6. Suppose 175 = s*r + r. Calculate the remainder when r is divided by 18.
17
Suppose 4*w + 423 = 567. What is the remainder when w is divided by 16?
4
Let a = 1 + 1. Let w(t) = -17*t**2 + 30*t - 4. Let k be w(2). What is the remainder when 21 is divided by a/((-14)/k - 1)?
9
Let d = -377 - -396. What is the remainder when 283 is divided by d?
17
Let f = 53 + -28. Suppose 5*i + f = 0, -d - 6*i + 37 = -i. Suppose -18*w + 23*w = 80. What is the remainder when d is divided by w?
14
Let p be 2/(-7) - (-4)/14. Calculate the remainder when 83 + p/(-1) + 0 is divided by ((-208)/234)/(24/(-756)).
27
Let p = -23 - -24. Suppose 2*j - 32 = -3*g - 12, j = p. What is the remainder when 23 is divided by g?
5
Let r(v) = -v**3 - 14*v**2 - 16*v - 24. Let z = 4 + -4. Calculate the remainder when 205/5 - z/(-1) is divided by r(-13).
11
Suppose 5*d = -2 - 3, 2*z - 128 = -4*d. Suppose v = -5*v + z. What is the remainder when v is divided by 8?
3
Suppose 12*p - 129 = 39. Let l = -133 + 226. What is the remainder when l is divided by p?
9
Suppose -2*g + 10 + 14 = 0. Let s(i) = 11*i. Calculate the remainder when s(4) is divided by g.
8
What is the remainder when 669 is divided by (0 - -35) + 5 + (-5 - 7)?
25
Let l = -43 - -36. Let g(m) = m**3 + 7*m**2 - 3*m - 6. Calculate the remainder when 59 is divided by g(l).
14
Let b = -2 - 46. Let x = 67 + b. Calculate the remainder when 56 is divided by x.
18
Calculate the remainder when 10/(-15)*((-10782)/4)/3 is divided by 43.
40
Let a = -35 - -58. Let v = -5 + a. What is the remainder when 51 is divided by v?
15
Calculate the remainder when 226 is divided by 2 - (-462)/8 - 43/(-172).
46
Suppose -5*l - 185 = -45. What is the remainder when (-40)/(-18) + l/126 is divided by 2?
0
Suppose -63*c - 15597 = -47979. Calculate the remainder when c is divided by 12.
10
Let k be 8*((-18)/4 + (10 - 12)). Calculate the remainder when (-60)/k - 4/26 is divided by 1.
0
Let j be 2 + 0 - -2 - (-5 + 17). Suppose -2*s + 2*t + 78 = 0, -2*s = s - t - 117. Let k = s + j. Calculate the remainder when k is divided by 11.
9
Suppose -4*s + 16 = 4*g, 0*g - g - 3*s = -12. Let x(u) = -u + 3. Let v be x(g). What is the remainder when v/1 + (-5 - -41) is divided by 8?
7
Let t = 8 - -5. Let b = 259 - 254. What is the remainder when t is divided by b?
3
Let b(o) = 2*o**2 - 7*o + 6. Let c be b(3). Suppose -3*z + 2*a + 82 = 0, -a - a = c*z - 86. Calculate the remainder when z is divided by 8.
4
Let m(y) = y**3 - 3*y**2 - 4*y + 5. Let s(v) = -3*v**3 + 10*v**2 + 12*v - 14. Let r(k) = 7*m(k) + 2*s(k). What is the remainder when r(6) is divided by 33?
31
Suppose -3*a - 81 - 127 = -5*x, -2*a = 5*x - 228. Calculate the remainder when 70 is divided by x.
26
Let x(b) = -b**3 + 3*b**2 + 3*b + 3. Let z be x(-2). Let a = -1 + z. What is the remainder when a is divided by 11?
5
Suppose 569*g = 547*g + 1848. What is the remainder when g is divided by 18?
12
What is the remainder when 610 is divided by (-2040)/(-48)*(-16)/(-10)?
66
Let u be ((-48 + 0)/4)/(-4). Suppose u*l = -9, -2*l + 16 + 2 = r. Let x = -1 + 6. Calculate the remainder when r is divided by x.
4
Let c = -344 - -385. What is the remainder when c is divided by (1*(-5 + -4))/(-1)?
5
What is the remainder when 66 is divided by (-1)/24*4 - 309/(-18)?
15
Suppose 2*q - 24 = 2*b, -5*q = -b + 11 - 63. Let z = q + -7. Let u(i) = -i**2 - 15*i - 23. What is the remainder when z is divided by u(-13)?
0
Let a = -10 + 23. Let u(d) = 329*d - 6. Let f be u(1). Suppose -5*j - 93 = -f. What is the remainder when j is divided by a?
7
Let j(k) be the third derivative of -k**5/60 + 7*k**3/6 - 3*k**2. Let c be j(4). What is the remainder when 14 is divided by c/27 + 25/3?
6
Let n be 2*2 + -2 + -12. Calculate the remainder when 1566/135*n/(-2) is divided by 10.
8
Suppose -46*o = -31*o - 3735. What is the remainder when o is divided by 50?
49
Let o be (-136)/(-3)*3/(-2). Calculate the remainder when (0 - o)*5/10 is divided by 9.
7
Let l = -41 + 17. Calculate the remainder when (46/(-3))/(8/l) is divided by 16.
14
Suppose -5*q = 5*l - 160, 2*l - 5*q = l + 50. What is the remainder when 102 is divided by l?
32
Let r be ((-114)/(-5))/((-18)/(-45)). Suppose g = 4*g - r. What is the remainder when 36 is divided by g?
17
Suppose r + t - 6 = 7, 3*t = -4*r + 51. Let s = -16 + r. Calculate the remainder when -26*(s + 2)/4 is divided by 8.
5
Let a = -512 - -515. What is the remainder when 87 is divided by a?
0
Suppose -5*v + 4*w = -433, 4*v + w - 338 = -0*w. Suppose 3*m - 91 = -4*y - 9, -10 = 5*m. Calculate the remainder when v is divided by y.
19
Suppose 385*h - 393*h = -264. What is the remainder when 197 is divided by h?
32
Let o(k) = -20*k - 105. Calculate the remainder when o(-19) is divided by 158.
117
Let n(f) = 17*f - 3. Let b be n(5). Suppose 4*t - 98 = b. Let s(x) = -x**3 + 10*x**2 - 6*x - 11. Calculate the remainder when t is divided by s(9).
13
Let n(w) = -w**2 - 20*w + 26. Let h be n(-21). Suppose -35 = 5*i + h*z, -5*i + 5*z - 17 = z. Calculate the remainder when (-107)/i + (-2)/5 is divided by 13.
8
Suppose 4*l = d - 15, d - l - 16 = 2*l. Let f = -28 - -16. What is the remainder when 37 - (f/4 - -4) is divided by d?
17
Suppose 0 = -q + 5*v - 23, -2*v + 8 = -3*q + 2*q. What is the remainder when q is divided by 2?
0
Let n(t) = t**2 + 5*t - 4. Let d be n(-6). Suppose 0 = -d*y - v - v + 10, 3*y - 15 = -4*v. What is the remainder when 11 is divided by y/10 - 5/(-2)?
2
Suppose m - 2594 = -4*y, -m - 3247 = -5*y - 0*y. Calculate the remainder when y is divided by 214.
7
Suppose -i + 115 = 8. What is the remainder when i is divided by 53?
1
Suppose 3*k = -3*l - 0*k - 3, -4*l - 3*k = 1. Let o be (-6)/4 - 51/(-2). Suppose j + 3*j - o = 0. Calculate the remainder when j is divided by l.
0
Let v(b) = -132*b**2 - 15*b - 14. Let t be v(-1). Let n = -98 - t. What is the remainder when 65 is divided by n?
32
Let v(m) = m**2 - 3*m - 5. What is the remainder when 229 is divided by v(-4)?
22
Suppose -25*j = -33*j + 1280. Calculate the remainder when j is divided by 9.
7
Suppose 20 = 4*b - 20. Calculate the remainder when 239 is divided by b.
9
Suppose v - z + 2*z - 10 = 0, -3*z = -v + 30. Let k(w) = w**2 - 14*w - 8. What is the remainder when 40 is divided by k(v)?
5
Suppose 100*t = 103*t - 147. Let i(s) = 7*s. Let u be i(1). Let m = 10 + u. What is the remainder when t is divided by m?
15
Suppose 426 = -572*s + 578*s. What is the remainder when 336 is divided by s?
52
Let q(w) = 2*w - 4. Let d be q(4). Suppose 5*y - 15 = -0*y. What is the remainder w